y 4.
3
What is the remainder when 210 is divided by 54?
48
What is the remainder when 453 is divided by 126?
75
Calculate the remainder when 42 is divided by 16.
10
What is the remainder when 103 is divided by 49?
5
Calculate the remainder when 884 is divided by 278.
50
Calculate the remainder when 139 is divided by 12.
7
What is the remainder when 55 is divided by 27?
1
What is the remainder when 2262 is divided by 61?
5
Calculate the remainder when 366 is divided by 62.
56
Calculate the remainder when 161 is divided by 93.
68
What is the remainder when 190 is divided by 36?
10
What is the remainder when 629 is divided by 18?
17
What is the remainder when 3564 is divided by 149?
137
Calculate the remainder when 9255 is divided by 63.
57
What is the remainder when 384 is divided by 370?
14
Calculate the remainder when 160 is divided by 79.
2
What is the remainder when 596 is divided by 20?
16
Calculate the remainder when 153 is divided by 13.
10
Calculate the remainder when 556 is divided by 29.
5
What is the remainder when 97 is divided by 12?
1
What is the remainder when 1418 is divided by 43?
42
Calculate the remainder when 1072 is divided by 271.
259
Calculate the remainder when 101 is divided by 41.
19
What is the remainder when 242 is divided by 168?
74
Calculate the remainder when 107 is divided by 90.
17
What is the remainder when 209 is divided by 6?
5
Calculate the remainder when 1574 is divided by 15.
14
What is the remainder when 123 is divided by 26?
19
What is the remainder when 800 is divided by 69?
41
Calculate the remainder when 775 is divided by 87.
79
What is the remainder when 466 is divided by 233?
0
Calculate the remainder when 13217 is divided by 13.
9
Calculate the remainder when 80 is divided by 12.
8
Calculate the remainder when 288 is divided by 50.
38
What is the remainder when 317 is divided by 89?
50
Calculate the remainder when 1393 is divided by 41.
40
What is the remainder when 109 is divided by 32?
13
Calculate the remainder when 115 is divided by 38.
1
Calculate the remainder when 22166 is divided by 34.
32
Calculate the remainder when 339 is divided by 122.
95
Calculate the remainder when 538 is divided by 18.
16
What is the remainder when 1855 is divided by 923?
9
What is the remainder when 133 is divided by 35?
28
Calculate the remainder when 496 is divided by 96.
16
What is the remainder when 4240 is divided by 13?
2
What is the remainder when 745 is divided by 369?
7
Calculate the remainder when 153 is divided by 11.
10
What is the remainder when 67 is divided by 38?
29
What is the remainder when 604 is divided by 33?
10
Calculate the remainder when 461 is divided by 81.
56
Calculate the remainder when 906 is divided by 337.
232
What is the remainder when 777 is divided by 26?
23
Calculate the remainder when 383 is divided by 127.
2
What is the remainder when 254 is divided by 64?
62
Calculate the remainder when 10118 is divided by 10.
8
Calculate the remainder when 1133 is divided by 42.
41
What is the remainder when 2121 is divided by 269?
238
What is the remainder when 10635 is divided by 40?
35
What is the remainder when 458 is divided by 5?
3
What is the remainder when 12824 is divided by 121?
119
Calculate the remainder when 48 is divided by 18.
12
Calculate the remainder when 2899 is divided by 496.
419
What is the remainder when 17 is divided by 5?
2
Calculate the remainder when 866 is divided by 14.
12
What is the remainder when 1594 is divided by 28?
26
Calculate the remainder when 5980 is divided by 1192.
20
Calculate the remainder when 869 is divided by 30.
29
Calculate the remainder when 403 is divided by 209.
194
Calculate the remainder when 78 is divided by 33.
12
Calculate the remainder when 212 is divided by 82.
48
Calculate the remainder when 1948 is divided by 122.
118
What is the remainder when 540 is divided by 131?
16
Calculate the remainder when 3814 is divided by 9.
7
Calculate the remainder when 177 is divided by 57.
6
Calculate the remainder when 236 is divided by 62.
50
What is the remainder when 35463 is divided by 69?
66
What is the remainder when 704 is divided by 356?
348
Calculate the remainder when 4089 is divided by 93.
90
Calculate the remainder when 524 is divided by 89.
79
Calculate the remainder when 583 is divided by 65.
63
What is the remainder when 4905 is divided by 12?
9
What is the remainder when 329 is divided by 90?
59
What is the remainder when 6059 is divided by 15?
14
What is the remainder when 2331 is divided by 1165?
1
What is the remainder when 378 is divided by 334?
44
What is the remainder when 336 is divided by 170?
166
What is the remainder when 639 is divided by 59?
49
Calculate the remainder when 6418 is divided by 18.
10
Calculate the remainder when 2080 is divided by 55.
45
Calculate the remainder when 74 is divided by 48.
26
What is the remainder when 1232 is divided by 324?
260
What is the remainder when 148 is divided by 74?
0
Calculate the remainder when 44 is divided by 10.
4
What is the remainder when 163 is divided by 26?
7
What is the remainder when 3352 is divided by 14?
6
What is the remainder when 154 is divided by 151?
3
Calculate the remainder when 104 is divided by 46.
12
What is the remainder when 4641 is divided by 43?
40
What is the remainder when 177 is divided by 15?
12
Calculate the remainder when 2600 is divided by 31.
27
Calculate the remainder when 484 is divided by 24.
4
Calculate the remainder when 1321 is divided by 30.
1
What is the remainder when 593 is divided by 23?
18
Calculate the remainder when 39 is divided by 20.
19
Calculate the remainder when 467 is divided by 67.
65
What is the remainder when 26 is divided by 1?
0
Calculate the remainder when 75 is divided by 19.
18
What is the remainder when 562 is divided by 19?
11
What is the remainder when 186 is divided by 126?
60
What is the remainder when 5141 is divided by 101?
91
What is the remainder when 59 is divided by 11?
4
Calculate the remainder when 294 is divided by 59.
58
What is the remainder when 200 is divided by 61?
17
Calculate the remainder when 392 is divided by 5.
2
Calculate the remainder when 772 is divided by 758.
14
What is the remainder when 1174 is divided by 34?
18
What is the remainder when 1142 is divided by 88?
86
What is the remainder when 125 is divided by 45?
35
What is the remainder when 104 is divided by 44?
16
What is the remainder when 97 is divided by 15?
7
Calculate the remainder when 735 is divided by 160.
95
What is the remainder when 107 is divided by 55?
52
Calculate the remainder when 310 is divided by 91.
37
Calculate the remainder when 66 is divided by 17.
15
Calculate the remainder when 14038 is divided by 52.
50
What is the remainder when 16 is divided by 2?
0
What is the remainder when 410 is divided by 83?
78
What is the remainder when 239 is divided by 144?
95
Calculate the remainder when 984 is divided by 33.
27
What is the remainder when 316 is divided by 53?
51
What is the remainder when 496 is divided by 164?
4
Calculate the remainder when 321 is divided by 54.
51
Calculate the remainder when 247 is divided by 75.
22
Calculate the remainder when 1004 is divided by 14.
10
Calculate the remainder when 44 is divided by 25.
19
Calculate the remainder when 42 is divided by 5.
2
Calculate the remainder when 226 is divided by 22.
6
Calculate the remainder when 66 is divided by 22.
0
Calculate the remainder when 3960 is divided by 51.
33
Calculate the remainder when 16622 is divided by 133.
130
What is the remainder when 311 is divided by 39?
38
Calculate the remainder when 1851 is divided by 592.
75
What is the remainder when 156 is divided by 75?
6
Calculate the remainder when 4258 is divided by 27.
19
What is the remainder when 330 is divided by 28?
22
Calculate the remainder when 1172 is divided by 49.
45
What is the remainder when 2517 is divided by 827?
36
Calculate the remainder when 32 is divided by 17.
15
What is the remainder when 1431 is divided by 63?
45
Calculate the remainder when 12245 is divided by 3059.
9
What is the remainder when 1366 is divided by 680?
6
Calculate the remainder when 509 is divided by 26.
15
Calculate the remainder when 83 is divided by 7.
6
Calculate the remainder when 99 is divid